 34 = v, -k*s + 59 = -4*v. List the prime factors of s.
13
Let d be 1/((-4)/(-8) + 0). Suppose -5*o + 120 + 24 = 4*i, 4*o = -d*i + 114. What are the prime factors of o?
2, 7
Let j(u) = -3*u - 14. What are the prime factors of j(-11)?
19
Let f(g) = -g**2 - 11*g - 22. What are the prime factors of f(-7)?
2, 3
Let l(t) be the first derivative of -3*t**2/2 - 19*t + 3. What are the prime factors of l(-14)?
23
Let m(z) = 18*z. Let r be m(1). Let g = 43 - r. List the prime factors of g.
5
Let q = 143 + -79. What are the prime factors of q?
2
Let n(y) = -80*y. Let t be n(-1). Suppose -z - 4*z + t = 0. List the prime factors of z.
2
Suppose -3*k - 15 = -m, -m = -6*m - 5*k + 35. Let q(z) = z**3 - 6*z**2 - 7*z + 6. Let a be q(7). List the prime factors of (a/m)/(2/12).
2
List the prime factors of (4 + 18/(-5))*50.
2, 5
Let r(k) = -k + 11. Let y be r(7). Suppose -y*g = 5*x + 11, 0 = 2*g + 5*x - 0 + 13. Suppose 8 = 2*j, -3*d + 2*j = -0*d - g. List the prime factors of d.
3
Let j(w) = -24*w**2 - 5*w + 6. Let p(i) = -71*i**2 - 14*i + 17. Let k(g) = -17*j(g) + 6*p(g). Let f be k(1). Let u = 25 + f. What are the prime factors of u?
2
Suppose 9*p = 4*p + 140. What are the prime factors of p?
2, 7
Let u = -43 + 88. What are the prime factors of u?
3, 5
Let n be 6/(1 + -1 + 2). Suppose 2*x - 22 = 2*k, -2*x = -n*x + 4*k + 26. List the prime factors of x.
2, 3
Let p(v) = -v + 6. Let b(u) = u**2 - u. Let z be b(1). Suppose -3*f + 5*l + 22 = z, 2*l = 4*f - 9 - 11. What are the prime factors of p(f)?
2
What are the prime factors of (2/(-6))/((-3)/450)?
2, 5
Suppose 3*a + 0*a = -36. Let p = a + 15. List the prime factors of p.
3
Suppose -5*w - 14 = -2*c - 0, -2 = c + 2*w. Suppose 5*r + 38 = 3*z, c*z + 2*r - 8 = r. What are the prime factors of z?
2, 3
Let y = 313 + -95. What are the prime factors of y?
2, 109
Let t(j) = -3*j**2 + 5*j - 3. Let x(m) = m**2 - 2*m + 1. Let y(q) = -4*t(q) - 11*x(q). Let g(s) = 2*s + 8. Let k be g(-6). List the prime factors of y(k).
3
Suppose -4*n + 0*n - 4*j - 56 = 0, 0 = n + 3*j + 16. Let f be (-206)/n - 14/(-91). Suppose -3*u = -u - f. List the prime factors of u.
2
Let u(y) = y**2 + y + 9. Let f be u(0). Suppose -4*s - 5*i = -39, -4*i = -3*s - f*i + 28. List the prime factors of s.
11
Let y(t) = 6*t + 7. Suppose -3*m + 7 + 13 = 5*g, -5*m = g + 18. What are the prime factors of y(g)?
7
Suppose 3*n - 132 = -3*x, 5*x = -n + 29 + 31. List the prime factors of n.
2, 5
Let r(i) = -i - 5. Let l be r(-6). Let t be l*(4/2 + -2). Suppose t*c = c - 8. What are the prime factors of c?
2
Let f be (-9)/(-2 + 154/80). Let n = f - 84. Suppose -n = -3*s - 0*s. What are the prime factors of s?
2, 3
Let f(x) = -6*x - 11. What are the prime factors of f(-6)?
5
Let x = -10 - -16. Suppose 0 = -x*l + l + 60. What are the prime factors of l?
2, 3
Let x(h) = 2*h**2 - 3*h - 4. What are the prime factors of x(5)?
31
Suppose p = -4*j + 220, 3*p + 4*j - 1003 = -335. What are the prime factors of p?
2, 7
Suppose 2*n = 3*n - 5*u + 12, -3 = 3*n - 4*u. Suppose p = -2 - n. Let z = p + 17. List the prime factors of z.
2, 3
Let p(c) = -8*c - 12. Let h(i) = -9*i - 13. Let m(r) = 5*h(r) - 6*p(r). What are the prime factors of m(6)?
5
List the prime factors of ((-32)/64)/(2/(-60) - 0).
3, 5
Suppose 0 = 5*d - 6 - 19. Suppose d*x = 4*m, -m = 5*x + 4*m - 45. Suppose 3 - 23 = -x*l. List the prime factors of l.
5
Let u(k) = 2*k**2 + 4*k - 9. Let o(r) = r**2 + 2*r - 4. Let f(n) = 9*o(n) - 4*u(n). Let i be f(-2). Suppose 8 = -i*x + 4*x. What are the prime factors of x?
2
Let c(x) = -x**3 - x**2 + 3*x. Let m be c(-4). Suppose -h = -3*h + m. Let q = 27 - h. List the prime factors of q.
3
Let w(n) = 6*n - 20. Let y = 28 + -19. List the prime factors of w(y).
2, 17
Let f(d) = 6*d + 4*d**2 - 250 + 255 - 3*d**2. Let p = -10 - -4. List the prime factors of f(p).
5
Let o(q) = -q - 2. Let w be o(-2). Let u = 2 + w. Suppose 0 = -u*m + 4*m - 22. What are the prime factors of m?
11
Let d(f) = -f**3 - 15*f**2 - 14*f + 10. List the prime factors of d(-14).
2, 5
Let s = 1 + 2. Suppose b + 2 = s. What are the prime factors of -1 + 6 + b + 1?
7
Let d be 1/(-2)*(1 + -3). Let c = d + 4. Suppose -c*u = 0, 0 = 5*g + 4*u + 7 - 52. List the prime factors of g.
3
Let x be 46/(-10) + 10/(-25). Let h be (0 + 2/x)*-15. What are the prime factors of h*(1 - 4/6)?
2
Suppose 70 = -2*y + 2*a, 2*y - a = -24 - 48. Let o = 59 + y. List the prime factors of o.
2, 11
Suppose -4*g + 505 + 255 = 0. What are the prime factors of g?
2, 5, 19
Suppose 0 = m - a + 2 - 1, 2*m + 2*a = -14. List the prime factors of -36*2*1/m.
2, 3
Let t = 22 - -12. List the prime factors of t.
2, 17
Suppose 4*o - 5*w = 452, -56 = 2*o - 3*w - 282. List the prime factors of o.
113
Suppose -2*b + 4*v + 2 = 0, b + 3*v = 6*v. Suppose -k = -b*g - 17 - 0, -4*k + 3*g = -59. List the prime factors of k.
2, 7
Let y = 1 + 5. What are the prime factors of 57/9 + 4/y?
7
Let n be (-4)/(-10) + (-22)/5. Let w be 2/((-2)/(-126)*6). Let z = n + w. List the prime factors of z.
17
Let d(p) = 3*p - 12. Let q be d(6). Suppose 0*n + 5*n - 25 = 0. Suppose n*j + q = 21. List the prime factors of j.
3
List the prime factors of (-8)/16 + (-3)/(-6)*509.
2, 127
What are the prime factors of ((-58)/(-4))/(5/40)?
2, 29
Suppose -2*a + 153 = 3*g, 2*a + 2*a + 12 = 0. List the prime factors of g.
53
Suppose 3*m + 119 = -40. Let o = -31 - m. List the prime factors of o.
2, 11
Let x be 6/(-10) - (-28)/5. Suppose 1 = 2*r - x. Let k = r - 0. List the prime factors of k.
3
Let i be 6/(-9) - 38/6. Let x = i + 15. Suppose 0*s + 4*s = x. List the prime factors of s.
2
Suppose -36 = 13*g - 14*g. List the prime factors of g.
2, 3
Let k(h) = h**2 + h - 1. What are the prime factors of k(3)?
11
Let b = -26 - -36. What are the prime factors of (-370)/(-25) - (-2)/b?
3, 5
Let f = 24 - 35. Suppose p = 19 + 4. Let m = p + f. List the prime factors of m.
2, 3
Let t be 3/((-3)/6*-2). Suppose -17 = -p - t. List the prime factors of p.
2, 7
Let p be 4/(8/6) - 46. Let u = -25 - p. List the prime factors of u.
2, 3
Let i(x) be the first derivative of -x**2/2 + x + 2. Suppose -3 + 33 = -3*z. List the prime factors of i(z).
11
Let t(g) = -9*g**3 + 2*g**2 - g. Let o be t(1). Let x be o/(-28) - (-78)/21. Suppose -23 = -k + x*d, -4*k + 2*d - 6*d + 52 = 0. What are the prime factors of k?
3, 5
Let t(p) = 6 + 3*p**3 + 2*p - 2*p**3 - 7*p**2 + 4*p. Let m be t(6). Suppose -d + m + 3 = 0. List the prime factors of d.
3
Let z = -25 - -38. Let u(i) = -i**2 + 19*i - 22. Let s be u(16). Let m = s - z. What are the prime factors of m?
13
Suppose 0 = -5*u + 2*j + j + 577, 0 = -5*u - 5*j + 585. What are the prime factors of u?
2, 29
Suppose -5*i + 35 + 350 = 0. List the prime factors of i.
7, 11
Suppose 0 = -5*y + 4*a + 41 - 7, -a = 5*y - 29. List the prime factors of ((-12)/y)/(2/(-3)).
3
Suppose 2*u = -3*h + 6*u + 29, 25 = -5*u. Suppose h*i - 9 = 45. List the prime factors of i.
2, 3
Suppose 2*y = -3*w + 1, 0 = 5*w + 3 + 2. What are the prime factors of y?
2
Let u(v) = v**3 - 4*v**2 + 3. Let g be u(4). Suppose -g*q + 6*q = 15. What are the prime factors of q?
5
Suppose -12 = -5*j - 32. List the prime factors of ((-2)/j)/((-4)/(-240)).
2, 3, 5
Let n be 15 + -14 + 2*1. Suppose -n*v - 3*h + h = -23, 39 = 4*v + h. What are the prime factors of v?
11
Let l be 6/9 - 12/(-9). Let k(m) = -10*m + 0*m**2 + 1 - m**l - 9. List the prime factors of k(-8).
2
List the prime factors of -2*(-3)/(-2)*520/(-15).
2, 13
Let x(s) = -s**2 + 17*s - 18. Suppose 7*k + 8 = 8*k. What are the prime factors of x(k)?
2, 3
Let y = 8 - 10. Let f be (4/8)/(y/(-40)). Suppose -q + 3*g + f = q, 4*q + 4*g = 0. List the prime factors of q.
2
Let b = 17 - -45. What are the prime factors of b?
2, 31
Let j be (-3)/(-1) + 1 + 0. Let k be 10/35 + (-2)/7. Suppose -2*b + j = -k*b. What are the prime factors of b?
2
Suppose -10 - 2 = -3*n. Suppose 2*o - p - 46 = 4*p, -n*o - 5*p = -32. Suppose -4*j = -3*r + 21, -3*j = -4*r + 8 + o. List the prime factors of r.
3
Suppose w - 5*o + 6*o = 33, -2*w + o + 60 = 0. Let f = w - 16. What are the prime factors of f?
3, 5
Let x(l) = -l**3 - l**2 + 3*l - 5. Let q be x(-4). Suppose -5*t + 39 = -q. List the prime factors of t.
2, 7
Suppose 0*k - x = -5*k - 242, -2*x = k + 44. Let p(f) = f**2 - 4*f + 5. Let t be p(2). Wha